{"id":5539,"date":"2021-04-14T16:13:20","date_gmt":"2021-04-14T14:13:20","guid":{"rendered":"http:\/\/gokgolotczyzna.pl\/?page_id=5539"},"modified":"2021-04-26T19:40:55","modified_gmt":"2021-04-26T17:40:55","slug":"jak-zlozyc-wniosek-o-dostep-do-informacji-publicznej","status":"publish","type":"page","link":"https:\/\/gokgolotczyzna.pl\/?page_id=5539","title":{"rendered":"Jak z\u0142o\u017cy\u0107 wniosek o dost\u0119p do informacji publicznej?"},"content":{"rendered":"\n<p>Wniosek o dost\u0119p do informacji\npublicznej mo\u017cna wys\u0142a\u0107 mailem, poczt\u0105 lub samodzielnie\ndostarczy\u0107 do naszej siedziby. Mo\u017ce mie\u0107 on dowoln\u0105 form\u0119, musi\nzawiera\u0107 jedynie niezb\u0119dne informacje. Nale\u017cy pami\u0119ta\u0107 o:<\/p>\n\n\n\n<p>\u2013 powo\u0142aniu si\u0119 na podstaw\u0119 prawn\u0105 (<em>\u017ceby\u015bmy nie mieli\nw\u0105tpliwo\u015bci, \u017ce to wniosek o informacj\u0119 publiczn\u0105<\/em>),<\/p>\n\n\n\n<p>\u2013 poinformowaniu nas o jak\u0105 informacj\u0119 wnioskujesz i w jaki spos\u00f3b mamy przekaza\u0107 odpowied\u017a (<em>e-mail, list tradycyjny czy odbi\u00f3r osobisty<\/em>),\u00a0<\/p>\n\n\n\n<p>\u2013 poinformowaniu nas w jakiej formie powinna zosta\u0107 dostarczona odpowied\u017a \u2013 skanu, papierowej kopii czy tylko do wgl\u0105du,<\/p>\n\n\n\n<p>\u2013 podaniu swojego imienia i nazwiska.<\/p>\n\n\n\n<p>Zgodnie z&nbsp;<a href=\"http:\/\/isap.sejm.gov.pl\/isap.nsf\/download.xsp\/WDU20011121198\/U\/D20011198Lj.pdf\" target=\"_blank\" rel=\"noreferrer noopener\">Ustaw\u0105\no dost\u0119pie do informacji publicznej<\/a>&nbsp;odpowiemy bez zb\u0119dnej\nzw\u0142oki, nie p\u00f3\u017aniej jednak ni\u017c w terminie 14 dni od dnia z\u0142o\u017cenia\nwniosku, z zastrze\u017ceniem ust. 2 i art. 15 ust. 2 UDIP.<\/p>\n","protected":false},"excerpt":{"rendered":"<p>Wniosek o dost\u0119p do informacji publicznej mo\u017cna wys\u0142a\u0107 mailem, poczt\u0105 lub samodzielnie dostarczy\u0107 do naszej siedziby. Mo\u017ce mie\u0107 on dowoln\u0105 form\u0119, musi zawiera\u0107 jedynie niezb\u0119dne informacje. Nale\u017cy pami\u0119ta\u0107 o: \u2013 powo\u0142aniu si\u0119 na podstaw\u0119 prawn\u0105 (\u017ceby\u015bmy nie mieli w\u0105tpliwo\u015bci, \u017ce to wniosek o informacj\u0119 publiczn\u0105), \u2013 poinformowaniu nas o jak\u0105 [&hellip;]<\/p>\n","protected":false},"author":1,"featured_media":0,"parent":5536,"menu_order":0,"comment_status":"closed","ping_status":"closed","template":"page-templates\/template-page-sidebar.php","meta":[],"_links":{"self":[{"href":"https:\/\/gokgolotczyzna.pl\/index.php?rest_route=\/wp\/v2\/pages\/5539"}],"collection":[{"href":"https:\/\/gokgolotczyzna.pl\/index.php?rest_route=\/wp\/v2\/pages"}],"about":[{"href":"https:\/\/gokgolotczyzna.pl\/index.php?rest_route=\/wp\/v2\/types\/page"}],"author":[{"embeddable":true,"href":"https:\/\/gokgolotczyzna.pl\/index.php?rest_route=\/wp\/v2\/users\/1"}],"replies":[{"embeddable":true,"href":"https:\/\/gokgolotczyzna.pl\/index.php?rest_route=%2Fwp%2Fv2%2Fcomments&post=5539"}],"version-history":[{"count":5,"href":"https:\/\/gokgolotczyzna.pl\/index.php?rest_route=\/wp\/v2\/pages\/5539\/revisions"}],"predecessor-version":[{"id":5545,"href":"https:\/\/gokgolotczyzna.pl\/index.php?rest_route=\/wp\/v2\/pages\/5539\/revisions\/5545"}],"up":[{"embeddable":true,"href":"https:\/\/gokgolotczyzna.pl\/index.php?rest_route=\/wp\/v2\/pages\/5536"}],"wp:attachment":[{"href":"https:\/\/gokgolotczyzna.pl\/index.php?rest_route=%2Fwp%2Fv2%2Fmedia&parent=5539"}],"curies":[{"name":"wp","href":"https:\/\/api.w.org\/{rel}","templated":true}]}}