{"id":5536,"date":"2021-03-14T16:11:56","date_gmt":"2021-03-14T15:11:56","guid":{"rendered":"http:\/\/gokgolotczyzna.pl\/?page_id=5536"},"modified":"2024-08-13T13:22:39","modified_gmt":"2024-08-13T11:22:39","slug":"inormacja-publiczna","status":"publish","type":"page","link":"https:\/\/gokgolotczyzna.pl\/?page_id=5536","title":{"rendered":"INFORMACJA PUBLICZNA"},"content":{"rendered":"\n<h5><a rel=\"noreferrer noopener\" href=\"http:\/\/www.biuletyn.net\/nt-bin\/_private\/sonsk\/1771.pdf\" target=\"_blank\">Statut GOK<\/a><\/h5>\n\n\n\n<div class=\"wp-block-file\"><a href=\"https:\/\/gokgolotczyzna.pl\/wp-content\/uploads\/2024\/08\/StandardyOchronyMaloletnichGOK.pdf\">Standardy Ochrony Ma\u0142oletnich GOK<\/a><a href=\"https:\/\/gokgolotczyzna.pl\/wp-content\/uploads\/2024\/08\/StandardyOchronyMaloletnichGOK.pdf\" class=\"wp-block-file__button\" download>Pobierz<\/a><\/div>\n\n\n\n<div class=\"wp-block-file\"><a href=\"https:\/\/gokgolotczyzna.pl\/wp-content\/uploads\/2024\/08\/CCF13082024_00002-scaled.jpg\" data-rel=\"lightbox-image-0\" data-rl_title=\"\" data-rl_caption=\"\" title=\"\">Zarz\u0105dzenie Dyrektora GOK w sprawie wprowadzenie Standard\u00f3w Ochrony Ma\u0142oletnich<\/a><a href=\"https:\/\/gokgolotczyzna.pl\/wp-content\/uploads\/2024\/08\/CCF13082024_00002-scaled.jpg\" class=\"wp-block-file__button\" download data-rel=\"lightbox-image-1\" data-rl_title=\"\" data-rl_caption=\"\" title=\"\">Pobierz<\/a><\/div>\n\n\n\n<p>Regulamin organizacyjny Gminnego O\u015brodka Kultury  w Go\u0142otczy\u017anie<\/p>\n\n\n\n<div class=\"wp-block-file\"><a href=\"http:\/\/gokgolotczyzna.pl\/wp-content\/uploads\/2021\/04\/REGULAMIN-ORGANIZACYJNY-GOK.pdf\">REGULAMIN-ORGANIZACYJNY-GOK<\/a><a href=\"http:\/\/gokgolotczyzna.pl\/wp-content\/uploads\/2021\/04\/REGULAMIN-ORGANIZACYJNY-GOK.pdf\" class=\"wp-block-file__button\" download>Pobierz<\/a><\/div>\n\n\n\n<h6><a href=\"http:\/\/gokgolotczyzna.pl\/?page_id=5187\"><span style=\"color:#000000\" class=\"tadv-color\">Zapytania ofertowe<\/span><\/a><\/h6>\n\n\n\n<hr class=\"wp-block-separator is-style-wide\"\/>\n\n\n\n<h5><a href=\"http:\/\/gokgolotczyzna.pl\/?page_id=5539\">Dowiedz si\u0119, jak z\u0142o\u017cy\u0107 wniosek o dost\u0119p do informacji publicznej<\/a><\/h5>\n\n\n\n<h6><em><span style=\"background-color:#ffffff\" class=\"tadv-background-color\"><a href=\"http:\/\/gokgolotczyzna.pl\/?page_id=5733\">Wykaz wniosk\u00f3w i odpowiedzi udzielonych w trybie ustawy o dost\u0119pie do informacji publicznej w 2021 roku <\/a><\/span><\/em><\/h6>\n\n\n\n<h6><em><span style=\"background-color:#ffffff\" class=\"tadv-background-color\"><a href=\"http:\/\/gokgolotczyzna.pl\/?page_id=5565\">Wykaz wniosk\u00f3w i odpowiedzi udzielonych w trybie ustawy o dost\u0119pie do informacji publicznej w 2020 roku<\/a><\/span><\/em><\/h6>\n","protected":false},"excerpt":{"rendered":"<p>Statut GOK Regulamin organizacyjny Gminnego O\u015brodka Kultury w Go\u0142otczy\u017anie Zapytania ofertowe Dowiedz si\u0119, jak z\u0142o\u017cy\u0107 wniosek o dost\u0119p do informacji publicznej Wykaz wniosk\u00f3w i odpowiedzi udzielonych w trybie ustawy o dost\u0119pie do informacji publicznej w 2021 roku Wykaz wniosk\u00f3w i odpowiedzi udzielonych w trybie ustawy o dost\u0119pie do informacji publicznej [&hellip;]<\/p>\n","protected":false},"author":1,"featured_media":0,"parent":0,"menu_order":0,"comment_status":"closed","ping_status":"closed","template":"","meta":[],"_links":{"self":[{"href":"https:\/\/gokgolotczyzna.pl\/index.php?rest_route=\/wp\/v2\/pages\/5536"}],"collection":[{"href":"https:\/\/gokgolotczyzna.pl\/index.php?rest_route=\/wp\/v2\/pages"}],"about":[{"href":"https:\/\/gokgolotczyzna.pl\/index.php?rest_route=\/wp\/v2\/types\/page"}],"author":[{"embeddable":true,"href":"https:\/\/gokgolotczyzna.pl\/index.php?rest_route=\/wp\/v2\/users\/1"}],"replies":[{"embeddable":true,"href":"https:\/\/gokgolotczyzna.pl\/index.php?rest_route=%2Fwp%2Fv2%2Fcomments&post=5536"}],"version-history":[{"count":16,"href":"https:\/\/gokgolotczyzna.pl\/index.php?rest_route=\/wp\/v2\/pages\/5536\/revisions"}],"predecessor-version":[{"id":8771,"href":"https:\/\/gokgolotczyzna.pl\/index.php?rest_route=\/wp\/v2\/pages\/5536\/revisions\/8771"}],"wp:attachment":[{"href":"https:\/\/gokgolotczyzna.pl\/index.php?rest_route=%2Fwp%2Fv2%2Fmedia&parent=5536"}],"curies":[{"name":"wp","href":"https:\/\/api.w.org\/{rel}","templated":true}]}}