{"id":4523,"date":"2019-12-26T23:31:40","date_gmt":"2019-12-26T22:31:40","guid":{"rendered":"http:\/\/gokgolotczyzna.pl\/?page_id=4523"},"modified":"2019-12-26T23:31:40","modified_gmt":"2019-12-26T22:31:40","slug":"projekty","status":"publish","type":"page","link":"https:\/\/gokgolotczyzna.pl\/?page_id=4523","title":{"rendered":"Projekty"},"content":{"rendered":"\n<figure class=\"wp-block-image size-large\"><img loading=\"lazy\" width=\"1024\" height=\"117\" src=\"http:\/\/gokgolotczyzna.pl\/wp-content\/uploads\/2019\/12\/logo-pasek-1024x117.jpg\" alt=\"\" class=\"wp-image-4524\" srcset=\"https:\/\/gokgolotczyzna.pl\/wp-content\/uploads\/2019\/12\/logo-pasek-1024x117.jpg 1024w, https:\/\/gokgolotczyzna.pl\/wp-content\/uploads\/2019\/12\/logo-pasek-300x34.jpg 300w, https:\/\/gokgolotczyzna.pl\/wp-content\/uploads\/2019\/12\/logo-pasek-768x88.jpg 768w, https:\/\/gokgolotczyzna.pl\/wp-content\/uploads\/2019\/12\/logo-pasek-1536x176.jpg 1536w, https:\/\/gokgolotczyzna.pl\/wp-content\/uploads\/2019\/12\/logo-pasek-2048x235.jpg 2048w\" sizes=\"(max-width: 1024px) 100vw, 1024px\" \/><\/figure>\n\n\n\n<figure class=\"wp-block-table\"><table class=\"\"><tbody><tr><td><strong>Gminny O\u015brodek Kultury w So\u0144sku<\/strong>\u00a0w 2014 roku realizowa\u0142 dwa projekty w ramach\u00a0<strong>Programu Rozwoju Obszar\u00f3w Wiejskich w latach 2007-2013<\/strong>, osi 4 \u201eLeader\u201d, dzia\u0142ania 413,\u00a0<strong>\u201eWdra\u017canie lokalnych strategii rozwoju\u201d<\/strong>\u00a0z zakresu ma\u0142ych projekt\u00f3w.\u00a0<strong>\u201eWydatek wsp\u00f3\u0142finansowany przez Uni\u0119 Europejsk\u0105 z Europejskiego Funduszu Rozwoju Regionalnego w ramach Regionalnego Programu Operacyjnego Wojew\u00f3dztwa Mazowieckiego 2007-2013\u201d<\/strong>.\u00a0<br>Operacje by\u0142y realizowane na obszarze obj\u0119tym\u00a0<strong>LSR<\/strong>\u00a0przez\u00a0<strong>Fundacj\u0119 Partnersk\u0105 Grupa Lokalnego Dzia\u0142ania \u201eCiuchcia Krasi\u0144skich\u201d<\/strong>.\u00a0\u00a0<br><br>1. Tytu\u0142 operacji &#8211;\u00a0<strong>Rekonstrukcja historyczna &#8211; Sarnowa G\u00f3ra 1920<\/strong><br>Warto\u015b\u0107 projektu &#8211; 32 969,06 z\u0142<br>Warto\u015b\u0107 dofinansowania &#8211; 24 824,99 z\u0142\u00a0<br>Projekt dotyczy organizacji widowiska historycznego &#8211; rekonstrukcji historycznej bitwy wojsk polskich 5 Armii Wojska Polskiego z 4 Armi\u0105 Sowieck\u0105. Uroczysto\u015b\u0107 organizowana 17 sierpnia 2014 r. w ramach obchod\u00f3w \u015bwi\u0119ta Wojska Polskiego i zwi\u0105zanego z nim\u00a0<strong>\u201ecudu nad Wis\u0142\u0105\u201d<\/strong>. Stanowi dla mieszka\u0144c\u00f3w regionu \u017cyw\u0105 lekcj\u0119 historii i patriotyzmu.\u00a0<strong>Bitwa Warszawska<\/strong>\u00a0rozegrana w 1920 roku stanowi szereg bitew na poszczeg\u00f3lnych odcinkach frontu rozegranych w okresie od 13 do 18 sierpnia 1920 r. Jedn\u0105 z nich jest\u00a0<strong>bitwa pod Sarnow\u0105 G\u00f3r\u0105 1920<\/strong>, b\u0119d\u0105ca symbolem dzia\u0142a\u0144\u00a0<strong>5 Armii gen. Sikorskiego<\/strong>. Na tablicy przy grobie\u00a0<strong>Nieznanego \u017bo\u0142nierza<\/strong>\u00a0widnieje jako jedna z wa\u017cniejszych bitew wojny z bolszewikami.\u00a0W ramach operacji zrealizowane b\u0119d\u0105 zadania:- druk plakat\u00f3w;- rekonstrukcja bitwy na podstawie opracowanego przez specjalist\u0119 scenariusza i koordynacja widowiska;- ochrona widowiska;- w bitwie wezm\u0105 udzia\u0142 grupy rekonstrukcyjne, wykorzystany zostanie sprz\u0119t, wynaj\u0119ta bro\u0144 i pojazdy wojskowe u\u017cywane w wojnie 1920 roku (czo\u0142g, samoch\u00f3d pancerny, motocykl) oraz zostan\u0105 zastosowane efekty pirotechniczne (obs\u0142uga pirotechniczna) umo\u017cliwiaj\u0105ce jak najwierniejsze oddanie klimatu minionych wydarze\u0144 historycznych;- wynajem urz\u0105dze\u0144 sanitarnych;- przygotowanie scenografii rekonstrukcji oraz obozowiska dla grup rekonstrukcyjnych.<em>(Dokumentacja fotograficzna projektu-GALERIA)<\/em><br><br>2. Tytu\u0142 operacji &#8211;\u00a0<strong>Koncert Maryjny w Pustelni \u0141opaci\u0144skiej<\/strong><br>Warto\u015b\u0107 projektu &#8211; 34 004,00 z\u0142<br>Warto\u015b\u0107 dofinansowania &#8211; 25 009,99 z\u0142\u00a0<br>Projekt dotyczy organizacji\u00a0<strong>VII Koncertu Maryjnego w Pustelni \u0141opaci\u0144skiej 25 maja 2014r.<\/strong>\u00a0przez kt\u00f3ry zachowana, kultywowana i promowana jest tradycja lokalnej spo\u0142eczno\u015bci oraz promocja regionu.\u00a0<strong>Pustelnia<\/strong>\u00a0jest wa\u017cnym miejscem, wielowiekowego kultu maryjnego\u00a0<strong>Matki Boskiej \u0141opaci\u0144skiej<\/strong>. W czasie wizytacji biskupiej w 1763 roku stwierdzono tu 40 cudownych uzdrowie\u0144. Przed II wojn\u0105 \u015bwiatow\u0105 robiono przygotowania do uroczystej koronacji obrazu\u00a0<strong>Matki Boskiej \u0141opaci\u0144skiej<\/strong>. Dzi\u015b w Pustelni przy kapliczce wierni gromadz\u0105 si\u0119 w maju i czerwcu na niedzielnych Mszach \u015aw., 15 sierpnia na Mszy odpustowej, a 16 pa\u017adziernika dzi\u0119kczynnej za \u015awi\u0119tego Jana Paw\u0142a II. Koncert Maryjny na ogromne znaczenie dla pielgrzym\u00f3w z ca\u0142ego Mazowsza.\u00a0W ramach operacji zrealizowane b\u0119d\u0105 zadania:- druk plakat\u00f3w i baner reklamowy;- Msza \u015awi\u0119ta z opraw\u0105 muzyczn\u0105 orkiestry stra\u017cackiej;- prowadzenie uroczysto\u015bci przez konferansjera;- Koncert pie\u015bni i piosenek religijnych oraz patriotycznych w wykonaniu zespo\u0142\u00f3w muzycznych oraz wyst\u0119p zespo\u0142u ludowego;- wyst\u0119py wokalist\u00f3w, ch\u00f3r\u00f3w i prezentacje wierszy poet\u00f3w ludowych z terenu Mazowsza;- sto\u0142y z produktami regionalnymi w ramach bezp\u0142atnego pocz\u0119stunku dla pielgrzym\u00f3w;- wynajem agregatu pr\u0105dotw\u00f3rczego, urz\u0105dze\u0144 sanitarnych i lunaparkowych.\u00a0\u00a0<br>Informacje \u017ar\u00f3d\u0142owe na temat Regionalnego Programu Operacyjnego Wojew\u00f3dztwa Mazowieckiego 2007-2013 znajduj\u0105 si\u0119 na stronie:\u00a0<a rel=\"noreferrer noopener\" href=\"http:\/\/www.mazowia.eu\/\" target=\"_blank\">www.mazowia.eu<\/a>.<\/td><\/tr><\/tbody><\/table><\/figure>\n","protected":false},"excerpt":{"rendered":"<p>Gminny O\u015brodek Kultury w So\u0144sku\u00a0w 2014 roku realizowa\u0142 dwa projekty w ramach\u00a0Programu Rozwoju Obszar\u00f3w Wiejskich w latach 2007-2013, osi 4 \u201eLeader\u201d, dzia\u0142ania 413,\u00a0\u201eWdra\u017canie lokalnych strategii rozwoju\u201d\u00a0z zakresu ma\u0142ych projekt\u00f3w.\u00a0\u201eWydatek wsp\u00f3\u0142finansowany przez Uni\u0119 Europejsk\u0105 z Europejskiego Funduszu Rozwoju Regionalnego w ramach Regionalnego Programu Operacyjnego Wojew\u00f3dztwa Mazowieckiego 2007-2013\u201d.\u00a0Operacje by\u0142y realizowane na obszarze [&hellip;]<\/p>\n","protected":false},"author":1,"featured_media":0,"parent":0,"menu_order":0,"comment_status":"closed","ping_status":"closed","template":"","meta":[],"_links":{"self":[{"href":"https:\/\/gokgolotczyzna.pl\/index.php?rest_route=\/wp\/v2\/pages\/4523"}],"collection":[{"href":"https:\/\/gokgolotczyzna.pl\/index.php?rest_route=\/wp\/v2\/pages"}],"about":[{"href":"https:\/\/gokgolotczyzna.pl\/index.php?rest_route=\/wp\/v2\/types\/page"}],"author":[{"embeddable":true,"href":"https:\/\/gokgolotczyzna.pl\/index.php?rest_route=\/wp\/v2\/users\/1"}],"replies":[{"embeddable":true,"href":"https:\/\/gokgolotczyzna.pl\/index.php?rest_route=%2Fwp%2Fv2%2Fcomments&post=4523"}],"version-history":[{"count":1,"href":"https:\/\/gokgolotczyzna.pl\/index.php?rest_route=\/wp\/v2\/pages\/4523\/revisions"}],"predecessor-version":[{"id":4525,"href":"https:\/\/gokgolotczyzna.pl\/index.php?rest_route=\/wp\/v2\/pages\/4523\/revisions\/4525"}],"wp:attachment":[{"href":"https:\/\/gokgolotczyzna.pl\/index.php?rest_route=%2Fwp%2Fv2%2Fmedia&parent=4523"}],"curies":[{"name":"wp","href":"https:\/\/api.w.org\/{rel}","templated":true}]}}